11101001100000 (base 2) to base 5.
332042402
109020 (base 12) to base 2
1000000100011011000
-12b5a (base 12) to base 9
-38407
What is -1153aa (base 14) in base 15?
-ba04d
What is 8151 (base 11) in base 10?
10825
What is -10421254 (base 6) in base 2?
-1001100101001100010
-370841 (base 9) to base 10
-223759
-13215204 (base 7) to base 14
-238774
Convert 61687 (base 12) to base 4.
133002013
Convert -395bdb (base 15) to base 8.
-12401432
101210212020 (base 3) to base 14
57778
101110101000101001001 (base 2) to base 11
954126
720b (base 12) to base 11
9349
What is -240302103 (base 5) in base 13?
-2c8302
937035 (base 12) to base 2
1000110100111001101001
-10102221121220 (base 3) to base 6
-103113553
What is -756018 (base 9) in base 13?
-12a0bb
Convert 1997519 (base 11) to base 2.
1100110100111110101011
Convert 1680202 (base 9) to base 16.
e5193
Convert -12321324 (base 5) to base 7.
-1010323
-4581b (base 12) to base 13
-332b4
112101221222 (base 3) to base 11
184046
-3426204 (base 9) to base 2
-111000011001101110101
Convert -41097 (base 11) to base 16.
-ea61
Convert 4b337 (base 12) to base 13.
37810
What is -100001011211 (base 3) in base 15?
-37b21
Convert 345531 (base 7) to base 13.
222ba
What is -210011201112 (base 3) in base 9?
-704645
6a338 (base 13) to base 16
2f562
-21201433 (base 5) to base 8
-534300
Convert -1001120011000 (base 3) to base 9.
-1046130
-1010022010101 (base 3) to base 9
-1108111
Convert 199581 (base 12) to base 9.
757707
What is 82637 (base 15) in base 7?
3340345
Convert -305975 (base 15) to base 10.
-2297135
What is -11221200021120 (base 3) in base 7?
-31236015
What is 21201133 (base 4) in base 8?
114137
What is 12222220000001 (base 3) in base 7?
36040654
Convert -62622604 (base 7) to base 15.
-6e55c4
What is -4391fa (base 16) in base 13?
-bc07b1
What is 50212651 (base 7) in base 12?
148444a
What is -211132201 (base 4) in base 3?
-21210120101
What is -128015 (base 10) in base 11?
-881a8
7c6aa (base 14) to base 16
4a03e
Convert 76860 (base 11) to base 6.
2220123
What is 46c43 (base 13) in base 16?
1f9e5
-258c99 (base 14) to base 16
-13b787
Convert -16553450 (base 7) to base 9.
-3048415
What is 306203 (base 9) in base 12?
89186
-23c5b (base 14) to base 12
-42775
-2fbdd3 (base 16) to base 13
-85716c
Convert 596879 (base 10) to base 12.
2494bb
What is -12210020100112 (base 3) in base 9?
-5706315
792652 (base 13) to base 12
b60007
Convert 85489 (base 11) to base 2.
11110010111001100
What is 1d79d (base 14) in base 13?
28544
-70fb6 (base 16) to base 9
-774723
Convert -10020201200 (base 3) to base 10.
-63954
What is -10312211201 (base 4) in base 2?
-100110110100101100001
77087 (base 10) to base 5
4431322
What is 1ab66 (base 15) in base 5?
10240241
What is -c27c (base 16) in base 8?
-141174
What is 12501 (base 6) in base 7?
5365
What is 10000011101011011 (base 2) in base 14?
1a7d9
Convert -10440114 (base 5) to base 12.
-45ab3
Convert 264034 (base 7) to base 13.
19654
202203 (base 5) to base 2
1100110011001
-30b25b5 (base 12) to base 13
-1b9a1ab
-510074 (base 8) to base 16
-2903c
-22311202113 (base 4) to base 13
-786006
-32a7bb2 (base 13) to base 16
-ece876
What is 387475 (base 9) in base 11?
150725
12100211112210 (base 3) to base 2
1010110111111111100101
-22847 (base 12) to base 14
-12b55
-401232234 (base 5) to base 14
-2d42a5
-1534159 (base 10) to base 7
-16016524
Convert 10122224022 (base 5) to base 9.
21426847
-11b7a94 (base 13) to base 9
-11356887
Convert -18c8 (base 14) to base 9.
-6136
cd270 (base 14) to base 11
30a579
What is 34013 (base 7) in base 12?
4b75
-2681733 (base 9) to base 15
-1e0cb0
100100000100000001101 (base 2) to base 8
4404015
What is -2976d (base 15) in base 16?
-208b7
3003114 (base 6) to base 13
4c042
-233414032 (base 5) to base 13
-2b8a92
What is -709184 (base 11) in base 10?
-1139549
Convert -28b64 (base 15) to base 9.
-218404
Convert 464213 (base 10) to base 7.
3642251
What is -141410123 (base 5) in base 10?
-731913
Convert 325177 (base 8) to base 7.
633214
1126324 (base 7) to base 8
424251
What is -6ec1c4 (base 15) in base 2?
-10100001111011000110101
858 (base 11) to base 3
1102012
-61bf02 (base 16) to base 15
-868095
What is -100110111001101011110 (base 2) in base 11?
-7a0795
Convert da8f7c (base 16) to base 6.
1231000512
What is -2287c8 (base 14) in base 2?
-100011111000110101100
What is 1004214232 (base 5) in base 15?
29e662
42341 (base 12) to base 7
511204
Convert 8228b (base 14) to base 7.
2443334
Convert -3576737 (base 8) to base 15.
-14619a
-63a21 (base 11) to base 9
-151603
Convert 11111011101001011 (base 2) to base 4.
133131023
Convert -112113130 (base 4) to base 9.
-148601
-22022121202 (base 3) to base 15
-337b8
Convert -b72703 (base 15) to base 13.
-1a621c4
What is -256a06 (base 14) in base 2?
-100111010000000001110
Convert -457828 (base 11) to base 10.
-727724
What is -1264b (base 13) in base 11?
-23629
-5015390 (base 10) to base 13
-1067ab3
-230144 (base 6) to base 3
-222202101
Convert 46a678 (base 12) to base 3.
2010211000102
Convert -433121 (base 6) to base 8.
-105551
What is 33211323332 (base 4) in base 7?
46513025
Convert 11332404 (base 5) to base 8.
315612
What is 656256 (base 7) in base 13?
40497
Convert -18c784 (base 13) to base 9.
-1155611
What is 31210630 (base 7) in base 4?
22000301200
Convert 918aa (base 12) to base 7.
1416604
Convert 12120022012 (base 3) to base 4.
122300003
-446351 (base 9) to base 16
-4135f
477474 (base 9) to base 14
76b61
Convert -6518623 (base 11) to base 7.
-166262002
Convert 1010102102022 (base 3) to base 5.
123130224
What is bb147b (base 13) in base 15?
5be199
235 (base 8) to base 6
421
Convert 1011001110000101101110 (base 2) to base 16.
2ce16e
Convert -38871 (base 9) to base 13.
-bc26
Convert -12121133121 (base 4) to base 13.
-469590
Convert 4b15730 (base 12) to base 13.
3081246
Convert 18cf3 (base 16) to base 3.
12011101200
Convert -1711173 (base 10) to base 6.
-100402033
What is aba06 (base 12) in base 5?
24242224
What is -11000111010100001 (base 2) in base 11?
-6a742
-2765271 (base 9) to base 12
-61339a
Convert 3140204 (base 5) to base 4.
30311022
-62b802 (base 12) to base 15
-20a96b
-10011114 (base 5) to base 13
-29bbc
Convert 122020120110 (base 3) to base 14.
8b990
Convert 1215260 (base 11) to base 15.
2bbb2c
-2058496 (base 11) to base 2
-1101110101101000101100
-706ed1 (base 15) to base 14
-9cdacd
131052530 (base 6) to base 9
4751670
Convert 1000211200110 (base 3) to base 14.
1039b3
Convert 1446437 (base 8) to base 9.
688423
4387 (base 9) to base 16
ca6
What is 420242303 (base 5) in base 10?
1727828
2b8d (base 16) to base 6
123341
What is 1500424 (base 7) in base 2?
110001010010101010
511450 (base 7) to base 13
307b1
What is bda76 (base 16) in base 9?
1413535
Convert 10101100001 (base 4) to base 7.
12341033
-146bae (base 16) to base 9
-2458704
635325 (base 10) to base 7
5254155
-8024054 (base 11) to base 8
-66144261
1029196 (base 11) to base 7
21260566
Convert -15ba15 (base 13) to base 4.
-2003311011
Convert 213120101 (base 4) to base 7.
1241153
Convert -508e71 (base 16) to base 7.
-62605451
Convert 453253 (base 8) to base 11.
a5167
Convert -1133432552 (base 6) to base 5.
-11232211344
What is 355a959 (base 12) in base 16?
9d89d5
Convert 15da7 (base 16) to base 14.
24899
13b815 (base 12) to base 8
1206721
111101100111011111 (base 2) to base 16
3d9df
What is -569b6 (base 16) in base 5?
-42322432
-100354525 (base 6) to base 10
-1710485
Convert 114245514 (base 6) to base 4.
20101111312
9a1a693 (base 11) to base 13
3848456
-144307 (base 10) to base 15
-2cb57
What is -593a23 (base 11) in base 13?
-26cb5c
What is -1133122232 (base 4) in base 16?
-5f6ae
Convert 12013302332 (base 4) to base 10.
1604798
What is -3557bb (base 14) in base 8?
-6744211
What is 14084 (base 14) in base 6?
1021112
Convert 691583 (base 10) to base 8.
2506577
What is -10033014 (base 5) in base 13?
-2a785
What is 25764 (base 10) in base 2?
110010010100100
-146223 (base 15) to base 6
-33021040
Convert 2166520 (base 7) to base 2.
1000001101000011100
Convert 2226838 (base 9) to base 12.
499b5b
1112110111021 (base 3) to base 15
111c24
What is -41881a (base 12) in base 14?
-1cba74
-11000200022021 (base 3) to base 11
-1231165
What is 1121001112212 (base 3) in base 12?
34a54b
What is 2015335 (bas